{"id":36,"date":"2015-06-27T07:30:19","date_gmt":"2015-06-27T07:30:19","guid":{"rendered":"http:\/\/ecolesainteanne-plouguin.fr\/?page_id=36"},"modified":"2025-01-13T14:10:52","modified_gmt":"2025-01-13T13:10:52","slug":"presentation-de-lequipe-educative","status":"publish","type":"page","link":"http:\/\/ecolesainteanne-plouguin.fr\/?page_id=36","title":{"rendered":"Pr\u00e9sentation de l&rsquo;\u00e9quipe \u00e9ducative 2024\/2025"},"content":{"rendered":"<p><a href=\"http:\/\/ecolesainteanne-plouguin.fr\/wp-content\/uploads\/2025\/01\/PXL_20240903_110511058.MP1_-scaled.jpg\"><img loading=\"lazy\" class=\"alignnone  wp-image-23604\" src=\"http:\/\/ecolesainteanne-plouguin.fr\/wp-content\/uploads\/2025\/01\/PXL_20240903_110511058.MP1_-300x225.jpg\" alt=\"\" width=\"271\" height=\"204\" srcset=\"http:\/\/ecolesainteanne-plouguin.fr\/wp-content\/uploads\/2025\/01\/PXL_20240903_110511058.MP1_-300x225.jpg 300w, http:\/\/ecolesainteanne-plouguin.fr\/wp-content\/uploads\/2025\/01\/PXL_20240903_110511058.MP1_-1024x768.jpg 1024w, http:\/\/ecolesainteanne-plouguin.fr\/wp-content\/uploads\/2025\/01\/PXL_20240903_110511058.MP1_-768x576.jpg 768w, http:\/\/ecolesainteanne-plouguin.fr\/wp-content\/uploads\/2025\/01\/PXL_20240903_110511058.MP1_-1536x1152.jpg 1536w, http:\/\/ecolesainteanne-plouguin.fr\/wp-content\/uploads\/2025\/01\/PXL_20240903_110511058.MP1_-2048x1536.jpg 2048w\" sizes=\"(max-width: 271px) 100vw, 271px\" \/><\/a><\/p>\n<ul>\n<li><span style=\"color: #0000ff;\">Chef d&rsquo;\u00e9tablissement :<\/span>\n<ul>\n<li><strong>Delphine KERGUILLEC <\/strong>(d\u00e9charg\u00e9e le lundi)<strong><br \/>\n<\/strong><\/li>\n<\/ul>\n<\/li>\n<li><span style=\"color: #0000ff;\">Classe de TPS &#8211; PS &#8211; MS :<\/span>\n<ul>\n<li><strong>Audrey CHARNACE<br \/>\n<\/strong><\/li>\n<li>Caroline Bergot (ASEM)<\/li>\n<\/ul>\n<\/li>\n<li><span style=\"color: #0000ff;\">Classe de GS &#8211; CP :<\/span>\n<ul>\n<li><strong>H\u00e9l\u00e8ne LE MENN<\/strong><\/li>\n<\/ul>\n<\/li>\n<li><span style=\"color: #0000ff;\">Classe de CE1 &#8211; CE2 :<\/span>\n<ul>\n<li><strong>Claire LE MORVAN<br \/>\n<\/strong><\/li>\n<\/ul>\n<\/li>\n<li><span style=\"color: #0000ff;\">Classe de\u00a0 CM1-CM2 :<\/span>\n<ul>\n<li><strong>Alwena BARBEAU<\/strong> (Lundi)<\/li>\n<li><strong>Delphine KERGUILLEC <\/strong>(mardi, jeudi et vendredi<\/li>\n<\/ul>\n<\/li>\n<li><span style=\"color: #0000ff;\">Enseignante du regroupement d&rsquo;adaptation :<br \/>\n<\/span><\/p>\n<ul>\n<li><strong>Fanny LE MENEC<\/strong><\/li>\n<\/ul>\n<\/li>\n<li><span style=\"color: #0000ff;\">Autre personnel :<\/span>\n<ul>\n<li><strong>C\u00e9cile JEGOU <\/strong>(auxiliaire de vie scolaire)<\/li>\n<li><strong>Marie-Laure CHENTIR<br \/>\n<\/strong><\/li>\n<\/ul>\n<\/li>\n<li><span style=\"color: #0000ff;\">OGEC :<\/span>\n<ul>\n<li>Olivier DANJEAN- Maryline LE MENEC (co-pr\u00e9sidents)<\/li>\n<\/ul>\n<\/li>\n<\/ul>\n<ul>\n<li><span style=\"color: #0000ff;\">APEL :<\/span>\n<ul>\n<li>Claire MIRY (pr\u00e9sidente)<\/li>\n<\/ul>\n<\/li>\n<\/ul>\n","protected":false},"excerpt":{"rendered":"<p>Chef d&rsquo;\u00e9tablissement : Delphine KERGUILLEC (d\u00e9charg\u00e9e le lundi) Classe de TPS &#8211; PS &#8211; MS : Audrey CHARNACE Caroline Bergot (ASEM) Classe de GS &#8211; CP : H\u00e9l\u00e8ne LE MENN Classe de CE1 &#8211; CE2 : Claire LE MORVAN Classe de\u00a0 CM1-CM2 : Alwena BARBEAU (Lundi) Delphine KERGUILLEC (mardi, jeudi et vendredi Enseignante du regroupement&#8230;<\/p>\n","protected":false},"author":1,"featured_media":0,"parent":16,"menu_order":5,"comment_status":"closed","ping_status":"closed","template":"full-width-page.php","meta":{"ngg_post_thumbnail":0},"_links":{"self":[{"href":"http:\/\/ecolesainteanne-plouguin.fr\/index.php?rest_route=\/wp\/v2\/pages\/36"}],"collection":[{"href":"http:\/\/ecolesainteanne-plouguin.fr\/index.php?rest_route=\/wp\/v2\/pages"}],"about":[{"href":"http:\/\/ecolesainteanne-plouguin.fr\/index.php?rest_route=\/wp\/v2\/types\/page"}],"author":[{"embeddable":true,"href":"http:\/\/ecolesainteanne-plouguin.fr\/index.php?rest_route=\/wp\/v2\/users\/1"}],"replies":[{"embeddable":true,"href":"http:\/\/ecolesainteanne-plouguin.fr\/index.php?rest_route=%2Fwp%2Fv2%2Fcomments&post=36"}],"version-history":[{"count":13,"href":"http:\/\/ecolesainteanne-plouguin.fr\/index.php?rest_route=\/wp\/v2\/pages\/36\/revisions"}],"predecessor-version":[{"id":23606,"href":"http:\/\/ecolesainteanne-plouguin.fr\/index.php?rest_route=\/wp\/v2\/pages\/36\/revisions\/23606"}],"up":[{"embeddable":true,"href":"http:\/\/ecolesainteanne-plouguin.fr\/index.php?rest_route=\/wp\/v2\/pages\/16"}],"wp:attachment":[{"href":"http:\/\/ecolesainteanne-plouguin.fr\/index.php?rest_route=%2Fwp%2Fv2%2Fmedia&parent=36"}],"curies":[{"name":"wp","href":"https:\/\/api.w.org\/{rel}","templated":true}]}}

Présentation de l&rsquo;équipe éducative 2024/2025

<p><a href="http://ecolesainteanne-plouguin.fr/wp-content/uploads/2025/01/PXL_20240903_110511058.MP1_-scaled.jpg"><img loading="lazy" class="alignnone  wp-image-23604" src="http://ecolesainteanne-plouguin.fr/wp-content/uploads/2025/01/PXL_20240903_110511058.MP1_-300x225.jpg" alt="" width="271" height="204" srcset="http://ecolesainteanne-plouguin.fr/wp-content/uploads/2025/01/PXL_20240903_110511058.MP1_-300x225.jpg 300w, http://ecolesainteanne-plouguin.fr/wp-content/uploads/2025/01/PXL_20240903_110511058.MP1_-1024x768.jpg 1024w, http://ecolesainteanne-plouguin.fr/wp-content/uploads/2025/01/PXL_20240903_110511058.MP1_-768x576.jpg 768w, http://ecolesainteanne-plouguin.fr/wp-content/uploads/2025/01/PXL_20240903_110511058.MP1_-1536x1152.jpg 1536w, http://ecolesainteanne-plouguin.fr/wp-content/uploads/2025/01/PXL_20240903_110511058.MP1_-2048x1536.jpg 2048w" sizes="(max-width: 271px) 100vw, 271px" /></a></p>
<ul>
<li><span style="color: #0000ff;">Chef d&rsquo;établissement :</span>
<ul>
<li><strong>Delphine KERGUILLEC </strong>(déchargée le lundi)<strong><br />
</strong></li>
</ul>
</li>
<li><span style="color: #0000ff;">Classe de TPS &#8211; PS &#8211; MS :</span>
<ul>
<li><strong>Audrey CHARNACE<br />
</strong></li>
<li>Caroline Bergot (ASEM)</li>
</ul>
</li>
<li><span style="color: #0000ff;">Classe de GS &#8211; CP :</span>
<ul>
<li><strong>Hélène LE MENN</strong></li>
</ul>
</li>
<li><span style="color: #0000ff;">Classe de CE1 &#8211; CE2 :</span>
<ul>
<li><strong>Claire LE MORVAN<br />
</strong></li>
</ul>
</li>
<li><span style="color: #0000ff;">Classe de  CM1-CM2 :</span>
<ul>
<li><strong>Alwena BARBEAU</strong> (Lundi)</li>
<li><strong>Delphine KERGUILLEC </strong>(mardi, jeudi et vendredi</li>
</ul>
</li>
<li><span style="color: #0000ff;">Enseignante du regroupement d&rsquo;adaptation :<br />
</span></p>
<ul>
<li><strong>Fanny LE MENEC</strong></li>
</ul>
</li>
<li><span style="color: #0000ff;">Autre personnel :</span>
<ul>
<li><strong>Cécile JEGOU </strong>(auxiliaire de vie scolaire)</li>
<li><strong>Marie-Laure CHENTIR<br />
</strong></li>
</ul>
</li>
<li><span style="color: #0000ff;">OGEC :</span>
<ul>
<li>Olivier DANJEAN- Maryline LE MENEC (co-présidents)</li>
</ul>
</li>
</ul>
<ul>
<li><span style="color: #0000ff;">APEL :</span>
<ul>
<li>Claire MIRY (présidente)</li>
</ul>
</li>
</ul>

<p>Chef d&rsquo;établissement : Delphine KERGUILLEC (déchargée le lundi) Classe de TPS &#8211; PS &#8211; MS : Audrey CHARNACE Caroline Bergot (ASEM) Classe de GS &#8211; CP : Hélène LE MENN Classe de CE1 &#8211; CE2 : Claire LE MORVAN Classe de  CM1-CM2 : Alwena BARBEAU (Lundi) Delphine KERGUILLEC (mardi, jeudi et vendredi Enseignante du regroupement&#8230;</p>
